{"version":"1.0","provider_name":"SHA Scheffler Helbich Architekten GmbH","provider_url":"https:\/\/sha.de\/fr","author_name":"Max Frittgen","author_url":"https:\/\/sha.de\/fr\/news\/author\/maxfrittgen","title":"Concours d'architecture Campus de formation en construction \u00e0 Geradstetten - Notre projet","type":"rich","width":600,"height":338,"html":"<blockquote class=\"wp-embedded-content\" data-secret=\"mQfmxZx7lo\"><a href=\"https:\/\/sha.de\/fr\/projects\/batiments-scolaires-educatifs\/campus-de-formation-en-construction-a-geradstetten\">Campus de formation en construction \u00e0 Geradstetten<\/a><\/blockquote><iframe sandbox=\"allow-scripts\" security=\"restricted\" src=\"https:\/\/sha.de\/fr\/projects\/batiments-scolaires-educatifs\/campus-de-formation-en-construction-a-geradstetten\/embed#?secret=mQfmxZx7lo\" width=\"600\" height=\"338\" title=\"\u00ab\u00a0Campus de formation en construction \u00e0 Geradstetten\u00a0\u00bb &#8212; SHA Scheffler Helbich Architekten GmbH\" data-secret=\"mQfmxZx7lo\" frameborder=\"0\" marginwidth=\"0\" marginheight=\"0\" scrolling=\"no\" class=\"wp-embedded-content\"><\/iframe><script type=\"text\/javascript\">\n\/* <![CDATA[ *\/\n\/*! This file is auto-generated *\/\n!function(d,l){\"use strict\";l.querySelector&&d.addEventListener&&\"undefined\"!=typeof URL&&(d.wp=d.wp||{},d.wp.receiveEmbedMessage||(d.wp.receiveEmbedMessage=function(e){var t=e.data;if((t||t.secret||t.message||t.value)&&!\/[^a-zA-Z0-9]\/.test(t.secret)){for(var s,r,n,a=l.querySelectorAll('iframe[data-secret=\"'+t.secret+'\"]'),o=l.querySelectorAll('blockquote[data-secret=\"'+t.secret+'\"]'),c=new RegExp(\"^https?:$\",\"i\"),i=0;i<o.length;i++)o[i].style.display=\"none\";for(i=0;i<a.length;i++)s=a[i],e.source===s.contentWindow&&(s.removeAttribute(\"style\"),\"height\"===t.message?(1e3<(r=parseInt(t.value,10))?r=1e3:~~r<200&&(r=200),s.height=r):\"link\"===t.message&&(r=new URL(s.getAttribute(\"src\")),n=new URL(t.value),c.test(n.protocol))&&n.host===r.host&&l.activeElement===s&&(d.top.location.href=t.value))}},d.addEventListener(\"message\",d.wp.receiveEmbedMessage,!1),l.addEventListener(\"DOMContentLoaded\",function(){for(var e,t,s=l.querySelectorAll(\"iframe.wp-embedded-content\"),r=0;r<s.length;r++)(t=(e=s[r]).getAttribute(\"data-secret\"))||(t=Math.random().toString(36).substring(2,12),e.src+=\"#?secret=\"+t,e.setAttribute(\"data-secret\",t)),e.contentWindow.postMessage({message:\"ready\",secret:t},\"*\")},!1)))}(window,document);\n\/\/# sourceURL=https:\/\/sha.de\/wp-includes\/js\/wp-embed.min.js\n\/* ]]> *\/\n<\/script>\n","thumbnail_url":"https:\/\/sha.de\/wp-content\/uploads\/071325_GS_Aussenraumperspektive-1030x728.jpg","thumbnail_width":1030,"thumbnail_height":728,"description":"Des pavillons modulaires parall\u00e8les constituent l'id\u00e9e de base du campus de formation de Geradstetten. Ils sont utilis\u00e9s pour la formation professionnelle dans le domaine du b\u00e2timent, du g\u00e9nie civil et de la construction routi\u00e8re."}

Concours d'architecture Campus de formation en construction à Geradstetten - Notre projet

<blockquote class="wp-embedded-content" data-secret="mQfmxZx7lo"><a href="https://sha.de/fr/projects/batiments-scolaires-educatifs/campus-de-formation-en-construction-a-geradstetten">Campus de formation en construction à Geradstetten</a></blockquote><iframe sandbox="allow-scripts" security="restricted" src="https://sha.de/fr/projects/batiments-scolaires-educatifs/campus-de-formation-en-construction-a-geradstetten/embed#?secret=mQfmxZx7lo" width="600" height="338" title="« Campus de formation en construction à Geradstetten » &#8212; SHA Scheffler Helbich Architekten GmbH" data-secret="mQfmxZx7lo" frameborder="0" marginwidth="0" marginheight="0" scrolling="no" class="wp-embedded-content"></iframe><script type="text/javascript">
/* <![CDATA[ */
/*! This file is auto-generated */
!function(d,l){"use strict";l.querySelector&&d.addEventListener&&"undefined"!=typeof URL&&(d.wp=d.wp||{},d.wp.receiveEmbedMessage||(d.wp.receiveEmbedMessage=function(e){var t=e.data;if((t||t.secret||t.message||t.value)&&!/[^a-zA-Z0-9]/.test(t.secret)){for(var s,r,n,a=l.querySelectorAll('iframe[data-secret="'+t.secret+'"]'),o=l.querySelectorAll('blockquote[data-secret="'+t.secret+'"]'),c=new RegExp("^https?:$","i"),i=0;i<o.length;i++)o[i].style.display="none";for(i=0;i<a.length;i++)s=a[i],e.source===s.contentWindow&&(s.removeAttribute("style"),"height"===t.message?(1e3<(r=parseInt(t.value,10))?r=1e3:~~r<200&&(r=200),s.height=r):"link"===t.message&&(r=new URL(s.getAttribute("src")),n=new URL(t.value),c.test(n.protocol))&&n.host===r.host&&l.activeElement===s&&(d.top.location.href=t.value))}},d.addEventListener("message",d.wp.receiveEmbedMessage,!1),l.addEventListener("DOMContentLoaded",function(){for(var e,t,s=l.querySelectorAll("iframe.wp-embedded-content"),r=0;r<s.length;r++)(t=(e=s[r]).getAttribute("data-secret"))||(t=Math.random().toString(36).substring(2,12),e.src+="#?secret="+t,e.setAttribute("data-secret",t)),e.contentWindow.postMessage({message:"ready",secret:t},"*")},!1)))}(window,document);
//# sourceURL=https://sha.de/wp-includes/js/wp-embed.min.js
/* ]]> */
</script>

Des pavillons modulaires parallèles constituent l'idée de base du campus de formation de Geradstetten. Ils sont utilisés pour la formation professionnelle dans le domaine du bâtiment, du génie civil et de la construction routière.
